Last updated on 2024-05-11 03:51:44 CEST.
Flavor | Version | Tinstall | Tcheck | Ttotal | Status | Flags |
---|---|---|---|---|---|---|
r-devel-linux-x86_64-debian-clang | 1.1.0 | 78.15 | 295.00 | 373.15 | NOTE | |
r-devel-linux-x86_64-debian-gcc | 1.1.0 | 61.44 | 349.79 | 411.23 | NOTE | |
r-devel-linux-x86_64-fedora-clang | 1.1.0 | 522.65 | NOTE | |||
r-devel-linux-x86_64-fedora-gcc | 1.1.0 | 512.66 | NOTE | |||
r-devel-windows-x86_64 | 1.1.0 | 61.00 | 292.00 | 353.00 | NOTE | |
r-patched-linux-x86_64 | 1.1.0 | 77.04 | 399.60 | 476.64 | NOTE | |
r-release-linux-x86_64 | 1.1.0 | 64.13 | 389.81 | 453.94 | NOTE | |
r-release-macos-arm64 | 1.1.0 | 121.00 | NOTE | |||
r-release-windows-x86_64 | 1.1.0 | 59.00 | 292.00 | 351.00 | NOTE | |
r-oldrel-macos-arm64 | 1.1.0 | 140.00 | NOTE | |||
r-oldrel-macos-x86_64 | 1.1.0 | 216.00 | NOTE | |||
r-oldrel-windows-x86_64 | 1.1.0 | 76.00 | 335.00 | 411.00 | NOTE |
Version: 1.1.0
Check: C++ specification
Result: NOTE
Specified C++11: please drop specification unless essential
Flavors: r-devel-linux-x86_64-debian-clang, r-devel-linux-x86_64-debian-gcc, r-devel-linux-x86_64-fedora-clang, r-devel-linux-x86_64-fedora-gcc, r-devel-windows-x86_64, r-patched-linux-x86_64, r-release-linux-x86_64, r-release-macos-arm64, r-release-windows-x86_64, r-oldrel-macos-arm64, r-oldrel-macos-x86_64, r-oldrel-windows-x86_64
Version: 1.1.0
Check: dependencies in R code
Result: NOTE
Namespaces in Imports field not imported from:
‘Rdpack’ ‘mcclust’
All declared Imports should be used.
Flavors: r-devel-linux-x86_64-fedora-clang, r-devel-linux-x86_64-fedora-gcc
Version: 1.1.0
Check: installed package size
Result: NOTE
installed size is 5.6Mb
sub-directories of 1Mb or more:
libs 5.3Mb
Flavors: r-release-macos-arm64, r-oldrel-macos-arm64, r-oldrel-macos-x86_64