Last updated on 2024-05-13 03:49:24 CEST.
Flavor | Version | Tinstall | Tcheck | Ttotal | Status | Flags |
---|---|---|---|---|---|---|
r-devel-linux-x86_64-debian-clang | 1.0-3 | 4.74 | 45.66 | 50.40 | NOTE | |
r-devel-linux-x86_64-debian-gcc | 1.0-3 | 3.03 | 33.83 | 36.86 | NOTE | |
r-devel-linux-x86_64-fedora-clang | 1.0-3 | 60.63 | NOTE | |||
r-devel-linux-x86_64-fedora-gcc | 1.0-3 | 61.58 | NOTE | |||
r-devel-windows-x86_64 | 1.0-3 | 4.00 | 53.00 | 57.00 | NOTE | |
r-patched-linux-x86_64 | 1.0-3 | 4.24 | 43.09 | 47.33 | NOTE | |
r-release-linux-x86_64 | 1.0-3 | 4.43 | 44.32 | 48.75 | NOTE | |
r-release-macos-arm64 | 1.0-3 | 20.00 | NOTE | |||
r-release-windows-x86_64 | 1.0-3 | 4.00 | 52.00 | 56.00 | NOTE | |
r-oldrel-macos-arm64 | 1.0-3 | 23.00 | OK | |||
r-oldrel-macos-x86_64 | 1.0-3 | 34.00 | OK | |||
r-oldrel-windows-x86_64 | 1.0-3 | 4.00 | 57.00 | 61.00 | OK |
Version: 1.0-3
Check: Rd files
Result: NOTE
checkRd: (-1) plot.AssetPricing.Rd:199-200: Lost braces
199 | yakka. (Note that \code{flap} stands for dQuote{function list
| ^
Flavors: r-devel-linux-x86_64-debian-clang, r-devel-linux-x86_64-debian-gcc, r-devel-linux-x86_64-fedora-clang, r-devel-linux-x86_64-fedora-gcc, r-devel-windows-x86_64, r-patched-linux-x86_64, r-release-linux-x86_64, r-release-macos-arm64, r-release-windows-x86_64