Last updated on 2024-05-13 03:49:24 CEST.
Flavor | Version | Tinstall | Tcheck | Ttotal | Status | Flags |
---|---|---|---|---|---|---|
r-devel-linux-x86_64-debian-clang | 1.0.0 | 4.69 | 36.21 | 40.90 | NOTE | |
r-devel-linux-x86_64-debian-gcc | 1.0.0 | 3.63 | 27.38 | 31.01 | NOTE | |
r-devel-linux-x86_64-fedora-clang | 1.0.0 | 52.24 | NOTE | |||
r-devel-linux-x86_64-fedora-gcc | 1.0.0 | 64.48 | NOTE | |||
r-devel-windows-x86_64 | 1.0.0 | 5.00 | 52.00 | 57.00 | NOTE | |
r-patched-linux-x86_64 | 1.0.0 | 4.22 | 34.70 | 38.92 | NOTE | |
r-release-linux-x86_64 | 1.0.0 | 4.68 | 35.33 | 40.01 | NOTE | |
r-release-macos-arm64 | 1.0.0 | 25.00 | NOTE | |||
r-release-windows-x86_64 | 1.0.0 | 5.00 | 52.00 | 57.00 | NOTE | |
r-oldrel-macos-arm64 | 1.0.0 | 24.00 | OK | |||
r-oldrel-macos-x86_64 | 1.0.0 | 38.00 | OK | |||
r-oldrel-windows-x86_64 | 1.0.0 | 6.00 | 52.00 | 58.00 | OK |
Version: 1.0.0
Check: Rd files
Result: NOTE
checkRd: (-1) cosmos_mongo.Rd:21: Lost braces; missing escapes or markup?
21 | \item{host}{For \code{cosmos_mongo_endpoint}, the URL of the Cosmos DB MongoDB endpoint. Usually of the form "https://{account-name}.mongo.cosmos.azure.com:443/".}
| ^
Flavors: r-devel-linux-x86_64-debian-clang, r-devel-linux-x86_64-debian-gcc, r-devel-linux-x86_64-fedora-clang, r-devel-linux-x86_64-fedora-gcc, r-devel-windows-x86_64, r-patched-linux-x86_64, r-release-linux-x86_64, r-release-macos-arm64, r-release-windows-x86_64