Last updated on 2024-05-09 15:49:12 CEST.
Flavor | Version | Tinstall | Tcheck | Ttotal | Status | Flags |
---|---|---|---|---|---|---|
r-devel-linux-x86_64-debian-clang | 0.2.0 | 929.35 | 283.65 | 1213.00 | NOTE | |
r-devel-linux-x86_64-debian-gcc | 0.2.0 | 808.73 | 346.18 | 1154.91 | NOTE | |
r-devel-linux-x86_64-fedora-clang | 0.2.0 | 1438.48 | NOTE | |||
r-devel-linux-x86_64-fedora-gcc | 0.2.0 | 2155.89 | NOTE | |||
r-devel-windows-x86_64 | 0.2.0 | 674.00 | 345.00 | 1019.00 | NOTE | |
r-patched-linux-x86_64 | 0.2.0 | 666.63 | 443.65 | 1110.28 | NOTE | |
r-release-linux-x86_64 | 0.2.0 | 741.09 | 435.33 | 1176.42 | NOTE | |
r-release-macos-arm64 | 0.2.0 | 350.00 | NOTE | |||
r-release-windows-x86_64 | 0.2.0 | 710.00 | 331.00 | 1041.00 | NOTE | |
r-oldrel-macos-arm64 | 0.2.0 | 401.00 | NOTE | |||
r-oldrel-macos-x86_64 | 0.2.0 | 625.00 | NOTE | |||
r-oldrel-windows-x86_64 | 0.2.0 | 847.00 | 406.00 | 1253.00 | NOTE |
Version: 0.2.0
Check: for GNU extensions in Makefiles
Result: NOTE
GNU make is a SystemRequirements.
Flavors: r-devel-linux-x86_64-debian-clang, r-devel-linux-x86_64-debian-gcc, r-devel-linux-x86_64-fedora-clang, r-devel-linux-x86_64-fedora-gcc, r-devel-windows-x86_64, r-patched-linux-x86_64, r-release-linux-x86_64, r-release-macos-arm64, r-release-windows-x86_64, r-oldrel-macos-arm64, r-oldrel-macos-x86_64, r-oldrel-windows-x86_64
Version: 0.2.0
Check: installed package size
Result: NOTE
installed size is 7.7Mb
sub-directories of 1Mb or more:
libs 7.2Mb
Flavors: r-devel-linux-x86_64-fedora-clang, r-devel-windows-x86_64, r-release-macos-arm64, r-release-windows-x86_64, r-oldrel-macos-arm64, r-oldrel-macos-x86_64, r-oldrel-windows-x86_64