Last updated on 2024-05-13 03:49:25 CEST.
Flavor | Version | Tinstall | Tcheck | Ttotal | Status | Flags |
---|---|---|---|---|---|---|
r-devel-linux-x86_64-debian-clang | 0.9 | 5.72 | 46.20 | 51.92 | NOTE | |
r-devel-linux-x86_64-debian-gcc | 0.9 | 3.45 | 33.86 | 37.31 | NOTE | |
r-devel-linux-x86_64-fedora-clang | 0.9 | 64.92 | NOTE | |||
r-devel-linux-x86_64-fedora-gcc | 0.9 | 62.55 | NOTE | |||
r-devel-windows-x86_64 | 0.9 | 5.00 | 59.00 | 64.00 | NOTE | |
r-patched-linux-x86_64 | 0.9 | 9.61 | 43.04 | 52.65 | NOTE | |
r-release-linux-x86_64 | 0.9 | 5.76 | 42.72 | 48.48 | NOTE | |
r-release-macos-arm64 | 0.9 | 23.00 | NOTE | |||
r-release-windows-x86_64 | 0.9 | 6.00 | 59.00 | 65.00 | NOTE | |
r-oldrel-macos-arm64 | 0.9 | 22.00 | OK | |||
r-oldrel-macos-x86_64 | 0.9 | 30.00 | OK | |||
r-oldrel-windows-x86_64 | 0.9 | 7.00 | 64.00 | 71.00 | OK |
Version: 0.9
Check: Rd files
Result: NOTE
checkRd: (-1) ringApply.Rd:9: Lost braces; missing escapes or markup?
9 | \item{lv}{{numeric} position, or {character} name, of an
| ^
Flavors: r-devel-linux-x86_64-debian-clang, r-devel-linux-x86_64-debian-gcc, r-devel-linux-x86_64-fedora-clang, r-devel-linux-x86_64-fedora-gcc, r-devel-windows-x86_64, r-patched-linux-x86_64, r-release-linux-x86_64, r-release-macos-arm64, r-release-windows-x86_64