Last updated on 2024-05-13 03:49:25 CEST.
Flavor | Version | Tinstall | Tcheck | Ttotal | Status | Flags |
---|---|---|---|---|---|---|
r-devel-linux-x86_64-debian-clang | 0.9.12-4.7 | 326.10 | 462.89 | 788.99 | OK | |
r-devel-linux-x86_64-debian-gcc | 0.9.12-4.7 | 253.72 | 358.87 | 612.59 | OK | |
r-devel-linux-x86_64-fedora-clang | 0.9.12-4.7 | 1073.68 | NOTE | |||
r-devel-linux-x86_64-fedora-gcc | 0.9.12-4.7 | 1127.56 | OK | |||
r-devel-windows-x86_64 | 0.9.12-4.7 | 242.00 | 290.00 | 532.00 | NOTE | |
r-patched-linux-x86_64 | 0.9.12-4.7 | 316.44 | 446.38 | 762.82 | OK | |
r-release-linux-x86_64 | 0.9.12-4.7 | 329.54 | 461.81 | 791.35 | OK | |
r-release-macos-arm64 | 0.9.12-4.7 | 186.00 | NOTE | |||
r-release-macos-x86_64 | 0.9.12-4.7 | 366.00 | NOTE | |||
r-release-windows-x86_64 | 0.9.12-4.7 | 233.00 | 274.00 | 507.00 | NOTE | |
r-oldrel-macos-arm64 | 0.9.12-4.7 | 190.00 | NOTE | |||
r-oldrel-macos-x86_64 | 0.9.12-4.7 | 399.00 | NOTE | |||
r-oldrel-windows-x86_64 | 0.9.12-4.7 | 294.00 | 363.00 | 657.00 | NOTE |
Version: 0.9.12-4.7
Check: installed package size
Result: NOTE
installed size is 12.5Mb
sub-directories of 1Mb or more:
doc 10.9Mb
Flavors: r-devel-linux-x86_64-fedora-clang, r-devel-windows-x86_64, r-release-macos-arm64, r-release-macos-x86_64, r-release-windows-x86_64, r-oldrel-macos-arm64, r-oldrel-macos-x86_64, r-oldrel-windows-x86_64
Version: 0.9.12-4.7
Check: package dependencies
Result: NOTE
Package suggested but not available for checking: 'doMC'
Flavors: r-devel-windows-x86_64, r-release-windows-x86_64, r-oldrel-windows-x86_64