Last updated on 2024-05-13 03:49:25 CEST.
Flavor | Version | Tinstall | Tcheck | Ttotal | Status | Flags |
---|---|---|---|---|---|---|
r-devel-linux-x86_64-debian-clang | 0.0.1 | 2.78 | 29.87 | 32.65 | NOTE | |
r-devel-linux-x86_64-debian-gcc | 0.0.1 | 2.25 | 22.27 | 24.52 | NOTE | |
r-devel-linux-x86_64-fedora-clang | 0.0.1 | 40.83 | NOTE | |||
r-devel-linux-x86_64-fedora-gcc | 0.0.1 | 39.67 | NOTE | |||
r-devel-windows-x86_64 | 0.0.1 | 3.00 | 44.00 | 47.00 | NOTE | |
r-patched-linux-x86_64 | 0.0.1 | 3.32 | 28.34 | 31.66 | NOTE | |
r-release-linux-x86_64 | 0.0.1 | 2.98 | 28.40 | 31.38 | NOTE | |
r-release-macos-arm64 | 0.0.1 | 17.00 | NOTE | |||
r-release-windows-x86_64 | 0.0.1 | 4.00 | 44.00 | 48.00 | NOTE | |
r-oldrel-macos-arm64 | 0.0.1 | 17.00 | NOTE | |||
r-oldrel-macos-x86_64 | 0.0.1 | 22.00 | NOTE | |||
r-oldrel-windows-x86_64 | 0.0.1 | 4.00 | 45.00 | 49.00 | NOTE |
Version: 0.0.1
Check: LazyData
Result: NOTE
'LazyData' is specified without a 'data' directory
Flavors: r-devel-linux-x86_64-debian-clang, r-devel-linux-x86_64-debian-gcc, r-devel-linux-x86_64-fedora-clang, r-devel-linux-x86_64-fedora-gcc, r-devel-windows-x86_64, r-patched-linux-x86_64, r-release-linux-x86_64, r-release-macos-arm64, r-release-windows-x86_64, r-oldrel-macos-arm64, r-oldrel-macos-x86_64, r-oldrel-windows-x86_64