Last updated on 2024-05-13 03:49:25 CEST.
Flavor | Version | Tinstall | Tcheck | Ttotal | Status | Flags |
---|---|---|---|---|---|---|
r-devel-linux-x86_64-debian-clang | 2.1.5 | 160.15 | 81.65 | 241.80 | OK | |
r-devel-linux-x86_64-debian-gcc | 2.1.5 | 138.31 | 59.16 | 197.47 | OK | |
r-devel-linux-x86_64-fedora-clang | 2.1.5 | 365.79 | OK | |||
r-devel-linux-x86_64-fedora-gcc | 2.1.5 | 397.17 | OK | |||
r-devel-windows-x86_64 | 2.1.5 | 132.00 | 121.00 | 253.00 | OK | |
r-patched-linux-x86_64 | 2.1.5 | 188.39 | 78.77 | 267.16 | OK | |
r-release-linux-x86_64 | 2.1.5 | 172.57 | 77.90 | 250.47 | OK | |
r-release-macos-arm64 | 2.1.5 | 112.00 | NOTE | |||
r-release-macos-x86_64 | 2.1.5 | 168.00 | NOTE | |||
r-release-windows-x86_64 | 2.1.5 | 128.00 | 123.00 | 251.00 | OK | |
r-oldrel-macos-arm64 | 2.1.5 | 114.00 | NOTE | |||
r-oldrel-macos-x86_64 | 2.1.5 | 235.00 | NOTE | |||
r-oldrel-windows-x86_64 | 2.1.5 | 158.00 | 146.00 | 304.00 | OK |
Version: 2.1.5
Check: installed package size
Result: NOTE
installed size is 8.0Mb
sub-directories of 1Mb or more:
libs 7.5Mb
Flavors: r-release-macos-arm64, r-release-macos-x86_64, r-oldrel-macos-arm64, r-oldrel-macos-x86_64