Last updated on 2024-05-09 15:49:13 CEST.
Flavor | Version | Tinstall | Tcheck | Ttotal | Status | Flags |
---|---|---|---|---|---|---|
r-devel-linux-x86_64-debian-clang | 1.0.1 | 1.49 | 15.68 | 17.17 | OK | |
r-devel-linux-x86_64-debian-gcc | 1.0.1 | 1.29 | 12.30 | 13.59 | OK | |
r-devel-linux-x86_64-fedora-clang | 1.0.1 | 22.11 | NOTE | |||
r-devel-linux-x86_64-fedora-gcc | 1.0.1 | 21.73 | NOTE | |||
r-devel-windows-x86_64 | 1.0.1 | 2.00 | 41.00 | 43.00 | OK | |
r-patched-linux-x86_64 | 1.0.1 | 2.02 | 15.11 | 17.13 | OK | |
r-release-linux-x86_64 | 1.0.1 | 1.68 | 15.11 | 16.79 | OK | |
r-release-macos-arm64 | 1.0.1 | 12.00 | OK | |||
r-release-windows-x86_64 | 1.0.1 | 2.00 | 35.00 | 37.00 | OK | |
r-oldrel-macos-arm64 | 1.0.1 | 12.00 | OK | |||
r-oldrel-macos-x86_64 | 1.0.1 | 15.00 | OK | |||
r-oldrel-windows-x86_64 | 1.0.1 | 3.00 | 32.00 | 35.00 | OK |
Version: 1.0.1
Check: data for non-ASCII characters
Result: NOTE
Note: found 179 marked UTF-8 strings
Flavors: r-devel-linux-x86_64-fedora-clang, r-devel-linux-x86_64-fedora-gcc