Last updated on 2024-05-09 15:49:14 CEST.
Flavor | Version | Tinstall | Tcheck | Ttotal | Status | Flags |
---|---|---|---|---|---|---|
r-devel-linux-x86_64-debian-clang | 1.0.0 | 167.48 | 180.10 | 347.58 | NOTE | |
r-devel-linux-x86_64-debian-gcc | 1.0.0 | 162.96 | 140.73 | 303.69 | NOTE | |
r-devel-linux-x86_64-fedora-clang | 1.0.0 | 447.22 | NOTE | |||
r-devel-linux-x86_64-fedora-gcc | 1.0.0 | 535.51 | NOTE | |||
r-devel-windows-x86_64 | 1.0.0 | 133.00 | 161.00 | 294.00 | NOTE | |
r-patched-linux-x86_64 | 1.0.0 | 162.11 | 182.12 | 344.23 | NOTE | |
r-release-linux-x86_64 | 1.0.0 | 194.71 | 185.28 | 379.99 | NOTE | |
r-release-macos-arm64 | 1.0.0 | 105.00 | NOTE | |||
r-release-windows-x86_64 | 1.0.0 | 139.00 | 162.00 | 301.00 | NOTE | |
r-oldrel-macos-arm64 | 1.0.0 | 115.00 | NOTE | |||
r-oldrel-macos-x86_64 | 1.0.0 | 173.00 | NOTE | |||
r-oldrel-windows-x86_64 | 1.0.0 | 181.00 | 192.00 | 373.00 | NOTE |
Version: 1.0.0
Check: for GNU extensions in Makefiles
Result: NOTE
GNU make is a SystemRequirements.
Flavors: r-devel-linux-x86_64-debian-clang, r-devel-linux-x86_64-debian-gcc, r-devel-linux-x86_64-fedora-clang, r-devel-linux-x86_64-fedora-gcc, r-devel-windows-x86_64, r-patched-linux-x86_64, r-release-linux-x86_64, r-release-macos-arm64, r-release-windows-x86_64, r-oldrel-macos-arm64, r-oldrel-macos-x86_64, r-oldrel-windows-x86_64
Version: 1.0.0
Check: dependencies in R code
Result: NOTE
Namespace in Imports field not imported from: ‘rstantools’
All declared Imports should be used.
Flavors: r-devel-linux-x86_64-fedora-clang, r-devel-linux-x86_64-fedora-gcc
Version: 1.0.0
Check: installed package size
Result: NOTE
installed size is 41.2Mb
sub-directories of 1Mb or more:
libs 41.0Mb
Flavors: r-release-macos-arm64, r-oldrel-macos-arm64, r-oldrel-macos-x86_64