Last updated on 2024-05-09 15:49:15 CEST.
Flavor | Version | Tinstall | Tcheck | Ttotal | Status | Flags |
---|---|---|---|---|---|---|
r-devel-linux-x86_64-debian-clang | 1.0.0 | 9.24 | 59.31 | 68.55 | OK | |
r-devel-linux-x86_64-debian-gcc | 1.0.0 | 6.81 | 45.27 | 52.08 | OK | |
r-devel-linux-x86_64-fedora-clang | 1.0.0 | 87.76 | NOTE | |||
r-devel-linux-x86_64-fedora-gcc | 1.0.0 | 82.23 | NOTE | |||
r-devel-windows-x86_64 | 1.0.0 | 10.00 | 60.00 | 70.00 | OK | |
r-patched-linux-x86_64 | 1.0.0 | 8.97 | 57.55 | 66.52 | OK | |
r-release-linux-x86_64 | 1.0.0 | 7.32 | 57.70 | 65.02 | OK | |
r-release-macos-arm64 | 1.0.0 | 28.00 | OK | |||
r-release-windows-x86_64 | 1.0.0 | 9.00 | 61.00 | 70.00 | OK | |
r-oldrel-macos-arm64 | 1.0.0 | 31.00 | OK | |||
r-oldrel-macos-x86_64 | 1.0.0 | 43.00 | OK | |||
r-oldrel-windows-x86_64 | 1.0.0 | 10.00 | 66.00 | 76.00 | OK |
Version: 1.0.0
Check: data for non-ASCII characters
Result: NOTE
Note: found 11 marked Latin-1 strings
Note: found 57 marked UTF-8 strings
Flavors: r-devel-linux-x86_64-fedora-clang, r-devel-linux-x86_64-fedora-gcc