Last updated on 2024-05-13 03:49:27 CEST.
Flavor | Version | Tinstall | Tcheck | Ttotal | Status | Flags |
---|---|---|---|---|---|---|
r-devel-linux-x86_64-debian-clang | 1.0.0 | 1.76 | 23.46 | 25.22 | NOTE | |
r-devel-linux-x86_64-debian-gcc | 1.0.0 | 1.87 | 17.67 | 19.54 | NOTE | |
r-devel-linux-x86_64-fedora-clang | 1.0.0 | 33.03 | NOTE | |||
r-devel-linux-x86_64-fedora-gcc | 1.0.0 | 29.91 | NOTE | |||
r-devel-windows-x86_64 | 1.0.0 | 3.00 | 37.00 | 40.00 | NOTE | |
r-patched-linux-x86_64 | 1.0.0 | 2.70 | 22.16 | 24.86 | NOTE | |
r-release-linux-x86_64 | 1.0.0 | 1.74 | 22.09 | 23.83 | NOTE | |
r-release-macos-arm64 | 1.0.0 | 14.00 | NOTE | |||
r-release-windows-x86_64 | 1.0.0 | 4.00 | 36.00 | 40.00 | NOTE | |
r-oldrel-macos-arm64 | 1.0.0 | 16.00 | NOTE | |||
r-oldrel-macos-x86_64 | 1.0.0 | 20.00 | NOTE | |||
r-oldrel-windows-x86_64 | 1.0.0 | 4.00 | 36.00 | 40.00 | NOTE |
Version: 1.0.0
Check: LazyData
Result: NOTE
'LazyData' is specified without a 'data' directory
Flavors: r-devel-linux-x86_64-debian-clang, r-devel-linux-x86_64-debian-gcc, r-devel-linux-x86_64-fedora-clang, r-devel-linux-x86_64-fedora-gcc, r-devel-windows-x86_64, r-patched-linux-x86_64, r-release-linux-x86_64, r-release-macos-arm64, r-release-windows-x86_64, r-oldrel-macos-arm64, r-oldrel-macos-x86_64, r-oldrel-windows-x86_64