Last updated on 2024-05-11 03:51:49 CEST.
Flavor | Version | Tinstall | Tcheck | Ttotal | Status | Flags |
---|---|---|---|---|---|---|
r-devel-linux-x86_64-debian-clang | 0.2.3 | 9.04 | 54.92 | 63.96 | NOTE | |
r-devel-linux-x86_64-debian-gcc | 0.2.3 | 6.19 | 41.93 | 48.12 | NOTE | |
r-devel-linux-x86_64-fedora-clang | 0.2.3 | 80.10 | NOTE | |||
r-devel-linux-x86_64-fedora-gcc | 0.2.3 | 73.09 | NOTE | |||
r-devel-windows-x86_64 | 0.2.3 | 7.00 | 62.00 | 69.00 | NOTE | |
r-patched-linux-x86_64 | 0.2.3 | 5.98 | 51.94 | 57.92 | NOTE | |
r-release-linux-x86_64 | 0.2.3 | 5.31 | 52.00 | 57.31 | NOTE | |
r-release-macos-arm64 | 0.2.3 | 25.00 | NOTE | |||
r-release-windows-x86_64 | 0.2.3 | 8.00 | 64.00 | 72.00 | NOTE | |
r-oldrel-macos-arm64 | 0.2.3 | 28.00 | OK | |||
r-oldrel-macos-x86_64 | 0.2.3 | 46.00 | OK | |||
r-oldrel-windows-x86_64 | 0.2.3 | 11.00 | 70.00 | 81.00 | OK |
Version: 0.2.3
Check: Rd files
Result: NOTE
checkRd: (-1) module_atemp_pl_server.Rd:19: Lost braces; missing escapes or markup?
19 | expression: input_re = reactive({input})}
| ^
checkRd: (-1) module_completeness_server.Rd:19: Lost braces; missing escapes or markup?
19 | expression: input_re = reactive({input})}
| ^
checkRd: (-1) module_config_server.Rd:19: Lost braces; missing escapes or markup?
19 | expression: input_re = reactive({input})}
| ^
checkRd: (-1) module_dashboard_server.Rd:19: Lost braces; missing escapes or markup?
19 | expression: input_re = reactive({input})}
| ^
checkRd: (-1) module_descriptive_server.Rd:19: Lost braces; missing escapes or markup?
19 | expression: input_re = reactive({input})}
| ^
checkRd: (-1) module_log_server.Rd:19: Lost braces; missing escapes or markup?
19 | expression: input_re = reactive({input})}
| ^
checkRd: (-1) module_mdr_server.Rd:19: Lost braces; missing escapes or markup?
19 | expression: input_re = reactive({input})}
| ^
checkRd: (-1) module_report_server.Rd:19: Lost braces; missing escapes or markup?
19 | expression: input_re = reactive({input})}
| ^
checkRd: (-1) module_uniq_plaus_server.Rd:19: Lost braces; missing escapes or markup?
19 | expression: input_re = reactive({input})}
| ^
Flavors: r-devel-linux-x86_64-debian-clang, r-devel-linux-x86_64-debian-gcc, r-devel-linux-x86_64-fedora-clang, r-devel-linux-x86_64-fedora-gcc, r-devel-windows-x86_64, r-patched-linux-x86_64, r-release-linux-x86_64, r-release-macos-arm64, r-release-windows-x86_64