Last updated on 2024-05-13 03:49:28 CEST.
Flavor | Version | Tinstall | Tcheck | Ttotal | Status | Flags |
---|---|---|---|---|---|---|
r-devel-linux-x86_64-debian-clang | 1.2.1 | 179.13 | 106.48 | 285.61 | NOTE | |
r-devel-linux-x86_64-debian-gcc | 1.2.1 | 138.41 | 77.76 | 216.17 | NOTE | |
r-devel-linux-x86_64-fedora-clang | 1.2.1 | 410.43 | NOTE | |||
r-devel-linux-x86_64-fedora-gcc | 1.2.1 | 419.78 | NOTE | |||
r-devel-windows-x86_64 | 1.2.1 | 138.00 | 119.00 | 257.00 | NOTE | |
r-patched-linux-x86_64 | 1.2.1 | 121.23 | 100.00 | 221.23 | NOTE | |
r-release-linux-x86_64 | 1.2.1 | 144.78 | 98.17 | 242.95 | NOTE | |
r-release-macos-arm64 | 1.2.1 | 86.00 | NOTE | |||
r-release-windows-x86_64 | 1.2.1 | 135.00 | 112.00 | 247.00 | NOTE | |
r-oldrel-macos-arm64 | 1.2.1 | 84.00 | NOTE | |||
r-oldrel-macos-x86_64 | 1.2.1 | 132.00 | NOTE | |||
r-oldrel-windows-x86_64 | 1.2.1 | 171.00 | 143.00 | 314.00 | NOTE |
Version: 1.2.1
Check: for GNU extensions in Makefiles
Result: NOTE
GNU make is a SystemRequirements.
Flavors: r-devel-linux-x86_64-debian-clang, r-devel-linux-x86_64-debian-gcc, r-devel-linux-x86_64-fedora-clang, r-devel-linux-x86_64-fedora-gcc, r-devel-windows-x86_64, r-patched-linux-x86_64, r-release-linux-x86_64, r-release-macos-arm64, r-release-windows-x86_64, r-oldrel-macos-arm64, r-oldrel-macos-x86_64, r-oldrel-windows-x86_64
Version: 1.2.1
Check: Rd cross-references
Result: NOTE
Undeclared package ‘DRquality’ in Rd xrefs
Flavor: r-devel-linux-x86_64-fedora-clang
Version: 1.2.1
Check: installed package size
Result: NOTE
installed size is 7.0Mb
sub-directories of 1Mb or more:
doc 2.8Mb
libs 3.9Mb
Flavors: r-release-macos-arm64, r-oldrel-macos-arm64, r-oldrel-macos-x86_64