Last updated on 2024-05-11 03:51:49 CEST.
Flavor | Version | Tinstall | Tcheck | Ttotal | Status | Flags |
---|---|---|---|---|---|---|
r-devel-linux-x86_64-debian-clang | 0.12 | 23.70 | 150.14 | 173.84 | OK | |
r-devel-linux-x86_64-debian-gcc | 0.12 | 15.76 | 104.09 | 119.85 | OK | |
r-devel-linux-x86_64-fedora-clang | 0.12 | 209.25 | OK | |||
r-devel-linux-x86_64-fedora-gcc | 0.12 | 193.41 | OK | |||
r-devel-windows-x86_64 | 0.12 | 20.00 | 144.00 | 164.00 | OK | |
r-patched-linux-x86_64 | 0.12 | 14.20 | 139.87 | 154.07 | OK | |
r-release-linux-x86_64 | 0.12 | 20.26 | 139.09 | 159.35 | OK | |
r-release-macos-arm64 | 0.12 | 52.00 | OK | |||
r-release-windows-x86_64 | 0.12 | 21.00 | 143.00 | 164.00 | OK | |
r-oldrel-macos-arm64 | 0.12 | 55.00 | OK | |||
r-oldrel-macos-x86_64 | 0.12 | 97.00 | NOTE | |||
r-oldrel-windows-x86_64 | 0.12 | 26.00 | 171.00 | 197.00 | OK |
Version: 0.12
Check: package dependencies
Result: NOTE
Package suggested but not available for checking: ‘PerformanceAnalytics’
Flavor: r-oldrel-macos-x86_64