Last updated on 2024-05-09 15:49:17 CEST.
Flavor | Version | Tinstall | Tcheck | Ttotal | Status | Flags |
---|---|---|---|---|---|---|
r-devel-linux-x86_64-debian-clang | 1.2.0 | 7.58 | 41.67 | 49.25 | NOTE | |
r-devel-linux-x86_64-debian-gcc | 1.2.0 | 6.14 | 31.16 | 37.30 | NOTE | |
r-devel-linux-x86_64-fedora-clang | 1.2.0 | 63.13 | NOTE | |||
r-devel-linux-x86_64-fedora-gcc | 1.2.0 | 58.22 | NOTE | |||
r-devel-windows-x86_64 | 1.2.0 | 10.00 | 55.00 | 65.00 | NOTE | |
r-patched-linux-x86_64 | 1.2.0 | 6.91 | 40.15 | 47.06 | NOTE | |
r-release-linux-x86_64 | 1.2.0 | 7.15 | 39.85 | 47.00 | NOTE | |
r-release-macos-arm64 | 1.2.0 | 23.00 | NOTE | |||
r-release-windows-x86_64 | 1.2.0 | 10.00 | 55.00 | 65.00 | NOTE | |
r-oldrel-macos-arm64 | 1.2.0 | 23.00 | NOTE | |||
r-oldrel-macos-x86_64 | 1.2.0 | 32.00 | NOTE | |||
r-oldrel-windows-x86_64 | 1.2.0 | 12.00 | 59.00 | 71.00 | NOTE |
Version: 1.2.0
Check: LazyData
Result: NOTE
'LazyData' is specified without a 'data' directory
Flavors: r-devel-linux-x86_64-debian-clang, r-devel-linux-x86_64-debian-gcc, r-devel-linux-x86_64-fedora-clang, r-devel-linux-x86_64-fedora-gcc, r-devel-windows-x86_64, r-patched-linux-x86_64, r-release-linux-x86_64, r-release-macos-arm64, r-release-windows-x86_64, r-oldrel-macos-arm64, r-oldrel-macos-x86_64, r-oldrel-windows-x86_64