Last updated on 2024-05-11 03:51:50 CEST.
Flavor | Version | Tinstall | Tcheck | Ttotal | Status | Flags |
---|---|---|---|---|---|---|
r-devel-linux-x86_64-debian-clang | 1.2.0 | 17.26 | 95.94 | 113.20 | NOTE | |
r-devel-linux-x86_64-debian-gcc | 1.2.0 | 12.46 | 66.06 | 78.52 | NOTE | |
r-devel-linux-x86_64-fedora-clang | 1.2.0 | 139.17 | NOTE | |||
r-devel-linux-x86_64-fedora-gcc | 1.2.0 | 132.90 | NOTE | |||
r-devel-windows-x86_64 | 1.2.0 | 16.00 | 76.00 | 92.00 | NOTE | |
r-patched-linux-x86_64 | 1.2.0 | 13.39 | 90.10 | 103.49 | NOTE | |
r-release-linux-x86_64 | 1.2.0 | 15.63 | 88.71 | 104.34 | NOTE | |
r-release-macos-arm64 | 1.2.0 | 32.00 | NOTE | |||
r-release-windows-x86_64 | 1.2.0 | 15.00 | 76.00 | 91.00 | NOTE | |
r-oldrel-macos-arm64 | 1.2.0 | 37.00 | NOTE | |||
r-oldrel-macos-x86_64 | 1.2.0 | 61.00 | NOTE | |||
r-oldrel-windows-x86_64 | 1.2.0 | 20.00 | 92.00 | 112.00 | NOTE |
Version: 1.2.0
Check: LazyData
Result: NOTE
'LazyData' is specified without a 'data' directory
Flavors: r-devel-linux-x86_64-debian-clang, r-devel-linux-x86_64-debian-gcc, r-devel-linux-x86_64-fedora-clang, r-devel-linux-x86_64-fedora-gcc, r-devel-windows-x86_64, r-patched-linux-x86_64, r-release-linux-x86_64, r-release-macos-arm64, r-release-windows-x86_64, r-oldrel-macos-arm64, r-oldrel-macos-x86_64, r-oldrel-windows-x86_64