Last updated on 2024-05-13 03:49:29 CEST.
Flavor | Version | Tinstall | Tcheck | Ttotal | Status | Flags |
---|---|---|---|---|---|---|
r-devel-linux-x86_64-debian-clang | 0.5.0 | 558.33 | 334.84 | 893.17 | NOTE | |
r-devel-linux-x86_64-debian-gcc | 0.5.0 | 515.28 | 310.99 | 826.27 | NOTE | |
r-devel-linux-x86_64-fedora-clang | 0.5.0 | 1089.64 | NOTE | |||
r-devel-linux-x86_64-fedora-gcc | 0.5.0 | 1560.79 | NOTE | |||
r-devel-windows-x86_64 | 0.5.0 | 445.00 | 356.00 | 801.00 | NOTE | |
r-patched-linux-x86_64 | 0.5.0 | 587.15 | 414.64 | 1001.79 | NOTE | |
r-release-linux-x86_64 | 0.5.0 | 601.03 | 421.52 | 1022.55 | NOTE | |
r-release-macos-arm64 | 0.5.0 | 265.00 | NOTE | |||
r-release-windows-x86_64 | 0.5.0 | 433.00 | 352.00 | 785.00 | NOTE | |
r-oldrel-macos-arm64 | 0.5.0 | 299.00 | NOTE | |||
r-oldrel-macos-x86_64 | 0.5.0 | 386.00 | NOTE | |||
r-oldrel-windows-x86_64 | 0.5.0 | 555.00 | 434.00 | 989.00 | NOTE |
Version: 0.5.0
Check: for GNU extensions in Makefiles
Result: NOTE
GNU make is a SystemRequirements.
Flavors: r-devel-linux-x86_64-debian-clang, r-devel-linux-x86_64-debian-gcc, r-devel-linux-x86_64-fedora-clang, r-devel-linux-x86_64-fedora-gcc, r-devel-windows-x86_64, r-patched-linux-x86_64, r-release-linux-x86_64, r-release-macos-arm64, r-release-windows-x86_64, r-oldrel-macos-arm64, r-oldrel-macos-x86_64, r-oldrel-windows-x86_64
Version: 0.5.0
Check: installed package size
Result: NOTE
installed size is 6.2Mb
sub-directories of 1Mb or more:
libs 5.0Mb
Flavors: r-devel-linux-x86_64-fedora-clang, r-devel-windows-x86_64, r-release-macos-arm64, r-release-windows-x86_64, r-oldrel-macos-arm64, r-oldrel-macos-x86_64, r-oldrel-windows-x86_64