Last updated on 2024-05-13 03:49:30 CEST.
Flavor | Version | Tinstall | Tcheck | Ttotal | Status | Flags |
---|---|---|---|---|---|---|
r-devel-linux-x86_64-debian-clang | 1.5.1 | 9.43 | 85.26 | 94.69 | OK | |
r-devel-linux-x86_64-debian-gcc | 1.5.1 | 7.72 | 62.64 | 70.36 | OK | |
r-devel-linux-x86_64-fedora-clang | 1.5.1 | 122.69 | NOTE | |||
r-devel-linux-x86_64-fedora-gcc | 1.5.1 | 124.18 | OK | |||
r-devel-windows-x86_64 | 1.5.1 | 8.00 | 85.00 | 93.00 | OK | |
r-patched-linux-x86_64 | 1.5.1 | 10.65 | 80.18 | 90.83 | OK | |
r-release-linux-x86_64 | 1.5.1 | 10.01 | 82.74 | 92.75 | OK | |
r-release-macos-arm64 | 1.5.1 | 38.00 | OK | |||
r-release-macos-x86_64 | 1.5.1 | 80.00 | OK | |||
r-release-windows-x86_64 | 1.5.1 | 8.00 | 83.00 | 91.00 | OK | |
r-oldrel-macos-arm64 | 1.5.1 | 43.00 | OK | |||
r-oldrel-macos-x86_64 | 1.5.1 | 89.00 | OK | |||
r-oldrel-windows-x86_64 | 1.5.1 | 11.00 | 96.00 | 107.00 | OK |
Version: 1.5.1
Check: Rd cross-references
Result: NOTE
Undeclared packages ‘MLEcens’, ‘Icens’ in Rd xrefs
Flavor: r-devel-linux-x86_64-fedora-clang