Last updated on 2024-05-11 15:49:05 CEST.
Flavor | Version | Tinstall | Tcheck | Ttotal | Status | Flags |
---|---|---|---|---|---|---|
r-devel-linux-x86_64-debian-clang | 0.4 | 2.68 | 34.20 | 36.88 | OK | |
r-devel-linux-x86_64-debian-gcc | 0.4 | 2.35 | 25.69 | 28.04 | OK | |
r-devel-linux-x86_64-fedora-clang | 0.4 | 45.78 | NOTE | |||
r-devel-linux-x86_64-fedora-gcc | 0.4 | 44.67 | OK | |||
r-devel-windows-x86_64 | 0.4 | 4.00 | 46.00 | 50.00 | OK | |
r-patched-linux-x86_64 | 0.4 | 3.32 | 33.19 | 36.51 | OK | |
r-release-linux-x86_64 | 0.4 | 2.82 | 32.66 | 35.48 | OK | |
r-release-macos-arm64 | 0.4 | 18.00 | OK | |||
r-release-windows-x86_64 | 0.4 | 4.00 | 45.00 | 49.00 | OK | |
r-oldrel-macos-arm64 | 0.4 | 18.00 | OK | |||
r-oldrel-macos-x86_64 | 0.4 | 23.00 | OK | |||
r-oldrel-windows-x86_64 | 0.4 | 6.00 | 48.00 | 54.00 | OK |
Version: 0.4
Check: Rd cross-references
Result: NOTE
Undeclared package ‘FinePop’ in Rd xrefs
Flavor: r-devel-linux-x86_64-fedora-clang