Last updated on 2024-05-13 03:49:30 CEST.
Flavor | Version | Tinstall | Tcheck | Ttotal | Status | Flags |
---|---|---|---|---|---|---|
r-devel-linux-x86_64-debian-clang | 1.1.1 | 22.07 | 112.52 | 134.59 | OK | |
r-devel-linux-x86_64-debian-gcc | 1.1.1 | 16.33 | 77.60 | 93.93 | OK | |
r-devel-linux-x86_64-fedora-clang | 1.1.1 | 173.06 | NOTE | |||
r-devel-linux-x86_64-fedora-gcc | 1.1.1 | 150.30 | OK | |||
r-devel-windows-x86_64 | 1.1.1 | 17.00 | 94.00 | 111.00 | NOTE | |
r-patched-linux-x86_64 | 1.1.1 | 23.40 | 102.34 | 125.74 | OK | |
r-release-linux-x86_64 | 1.1.1 | 14.81 | 103.19 | 118.00 | OK | |
r-release-macos-arm64 | 1.1.1 | 35.00 | NOTE | |||
r-release-windows-x86_64 | 1.1.1 | 18.00 | 94.00 | 112.00 | NOTE | |
r-oldrel-macos-arm64 | 1.1.1 | 51.00 | NOTE | |||
r-oldrel-macos-x86_64 | 1.1.1 | 81.00 | NOTE | |||
r-oldrel-windows-x86_64 | 1.1.1 | 21.00 | 108.00 | 129.00 | NOTE |
Version: 1.1.1
Check: installed package size
Result: NOTE
installed size is 5.5Mb
sub-directories of 1Mb or more:
data 1.3Mb
extdata 3.8Mb
Flavors: r-devel-linux-x86_64-fedora-clang, r-devel-windows-x86_64, r-release-macos-arm64, r-release-windows-x86_64, r-oldrel-macos-arm64, r-oldrel-macos-x86_64, r-oldrel-windows-x86_64