Last updated on 2024-05-09 15:49:20 CEST.
Flavor | Version | Tinstall | Tcheck | Ttotal | Status | Flags |
---|---|---|---|---|---|---|
r-devel-linux-x86_64-debian-clang | 1.4 | 41.34 | 221.56 | 262.90 | NOTE | |
r-devel-linux-x86_64-debian-gcc | 1.4 | 29.89 | 154.53 | 184.42 | NOTE | |
r-devel-linux-x86_64-fedora-clang | 1.4 | 326.78 | NOTE | |||
r-devel-linux-x86_64-fedora-gcc | 1.4 | 340.14 | NOTE | |||
r-devel-windows-x86_64 | 1.4 | 31.00 | 256.00 | 287.00 | NOTE | |
r-patched-linux-x86_64 | 1.4 | 32.19 | 206.60 | 238.79 | NOTE | |
r-release-linux-x86_64 | 1.4 | 40.44 | 208.28 | 248.72 | NOTE | |
r-release-macos-arm64 | 1.4 | 95.00 | NOTE | |||
r-release-windows-x86_64 | 1.4 | 32.00 | 257.00 | 289.00 | NOTE | |
r-oldrel-macos-arm64 | 1.4 | 97.00 | OK | |||
r-oldrel-macos-x86_64 | 1.4 | 201.00 | OK | |||
r-oldrel-windows-x86_64 | 1.4 | 39.00 | 302.00 | 341.00 | OK |
Version: 1.4
Check: Rd files
Result: NOTE
checkRd: (-1) rtheta.Rd:50-76: Lost braces in \itemize; meant \describe ?
Flavors: r-devel-linux-x86_64-debian-clang, r-devel-linux-x86_64-debian-gcc, r-devel-linux-x86_64-fedora-clang, r-devel-linux-x86_64-fedora-gcc, r-devel-windows-x86_64, r-patched-linux-x86_64, r-release-linux-x86_64, r-release-macos-arm64, r-release-windows-x86_64