Last updated on 2024-05-11 03:51:54 CEST.
Flavor | Version | Tinstall | Tcheck | Ttotal | Status | Flags |
---|---|---|---|---|---|---|
r-devel-linux-x86_64-debian-clang | 1.2.0 | 54.18 | 101.03 | 155.21 | NOTE | |
r-devel-linux-x86_64-debian-gcc | 1.2.0 | 47.81 | 73.71 | 121.52 | NOTE | |
r-devel-linux-x86_64-fedora-clang | 1.2.0 | 211.09 | NOTE | |||
r-devel-linux-x86_64-fedora-gcc | 1.2.0 | 213.76 | NOTE | |||
r-devel-windows-x86_64 | 1.2.0 | 43.00 | 112.00 | 155.00 | NOTE | |
r-patched-linux-x86_64 | 1.2.0 | 47.82 | 93.07 | 140.89 | NOTE | |
r-release-linux-x86_64 | 1.2.0 | 46.76 | 93.64 | 140.40 | NOTE | |
r-release-macos-arm64 | 1.2.0 | 48.00 | NOTE | |||
r-release-windows-x86_64 | 1.2.0 | 44.00 | 109.00 | 153.00 | NOTE | |
r-oldrel-macos-arm64 | 1.2.0 | 64.00 | OK | |||
r-oldrel-macos-x86_64 | 1.2.0 | 92.00 | OK | |||
r-oldrel-windows-x86_64 | 1.2.0 | 56.00 | 132.00 | 188.00 | OK |
Version: 1.2.0
Check: Rd files
Result: NOTE
checkRd: (-1) solve_game.Rd:86: Lost braces in \itemize; \value handles \item{}{} directly
checkRd: (-1) solve_game.Rd:87: Lost braces in \itemize; \value handles \item{}{} directly
checkRd: (-1) solve_game.Rd:88: Lost braces in \itemize; \value handles \item{}{} directly
checkRd: (-1) solve_game.Rd:89: Lost braces in \itemize; \value handles \item{}{} directly
checkRd: (-1) solve_game.Rd:90: Lost braces in \itemize; \value handles \item{}{} directly
Flavors: r-devel-linux-x86_64-debian-clang, r-devel-linux-x86_64-debian-gcc, r-devel-linux-x86_64-fedora-clang, r-devel-linux-x86_64-fedora-gcc, r-devel-windows-x86_64, r-patched-linux-x86_64, r-release-linux-x86_64, r-release-macos-arm64, r-release-windows-x86_64