Last updated on 2024-05-13 03:49:32 CEST.
Flavor | Version | Tinstall | Tcheck | Ttotal | Status | Flags |
---|---|---|---|---|---|---|
r-devel-linux-x86_64-debian-clang | 0.3.0 | 104.66 | 654.59 | 759.25 | OK | |
r-devel-linux-x86_64-debian-gcc | 0.3.0 | 72.24 | 420.02 | 492.26 | OK | |
r-devel-linux-x86_64-fedora-clang | 0.3.0 | 954.20 | OK | |||
r-devel-linux-x86_64-fedora-gcc | 0.3.0 | 1112.61 | OK | |||
r-devel-windows-x86_64 | 0.3.0 | 73.00 | 515.00 | 588.00 | OK | |
r-patched-linux-x86_64 | 0.3.0 | 72.06 | 587.31 | 659.37 | OK | |
r-release-linux-x86_64 | 0.3.0 | 68.45 | 591.77 | 660.22 | OK | |
r-release-macos-arm64 | 0.3.0 | 215.00 | NOTE | |||
r-release-windows-x86_64 | 0.3.0 | 72.00 | 516.00 | 588.00 | OK | |
r-oldrel-macos-arm64 | 0.3.0 | 241.00 | NOTE | |||
r-oldrel-macos-x86_64 | 0.3.0 | 422.00 | NOTE | |||
r-oldrel-windows-x86_64 | 0.3.0 | 92.00 | 648.00 | 740.00 | OK |
Version: 0.3.0
Check: installed package size
Result: NOTE
installed size is 5.7Mb
sub-directories of 1Mb or more:
doc 1.7Mb
libs 3.4Mb
Flavors: r-release-macos-arm64, r-oldrel-macos-arm64, r-oldrel-macos-x86_64