Last updated on 2024-05-11 03:51:55 CEST.
Flavor | Version | Tinstall | Tcheck | Ttotal | Status | Flags |
---|---|---|---|---|---|---|
r-devel-linux-x86_64-debian-clang | 0.1.3 | 35.84 | 138.90 | 174.74 | OK | |
r-devel-linux-x86_64-debian-gcc | 0.1.3 | 30.90 | 103.09 | 133.99 | OK | |
r-devel-linux-x86_64-fedora-clang | 0.1.3 | 225.19 | NOTE | |||
r-devel-linux-x86_64-fedora-gcc | 0.1.3 | 210.86 | OK | |||
r-devel-windows-x86_64 | 0.1.3 | 24.00 | 100.00 | 124.00 | NOTE | |
r-patched-linux-x86_64 | 0.1.3 | 30.05 | 134.76 | 164.81 | OK | |
r-release-linux-x86_64 | 0.1.3 | 26.39 | 134.41 | 160.80 | OK | |
r-release-macos-arm64 | 0.1.3 | 55.00 | NOTE | |||
r-release-windows-x86_64 | 0.1.3 | 23.00 | 100.00 | 123.00 | NOTE | |
r-oldrel-macos-arm64 | 0.1.3 | 44.00 | NOTE | |||
r-oldrel-macos-x86_64 | 0.1.3 | 68.00 | NOTE | |||
r-oldrel-windows-x86_64 | 0.1.3 | 29.00 | 118.00 | 147.00 | NOTE |
Version: 0.1.3
Check: installed package size
Result: NOTE
installed size is 6.4Mb
sub-directories of 1Mb or more:
data 6.3Mb
Flavors: r-devel-linux-x86_64-fedora-clang, r-devel-windows-x86_64, r-release-macos-arm64, r-release-windows-x86_64, r-oldrel-macos-arm64, r-oldrel-macos-x86_64, r-oldrel-windows-x86_64