Last updated on 2024-05-09 15:49:21 CEST.
Flavor | Version | Tinstall | Tcheck | Ttotal | Status | Flags |
---|---|---|---|---|---|---|
r-devel-linux-x86_64-debian-clang | 0.3.4 | 19.89 | 98.59 | 118.48 | OK | |
r-devel-linux-x86_64-debian-gcc | 0.3.4 | 16.24 | 73.74 | 89.98 | OK | |
r-devel-linux-x86_64-fedora-clang | 0.3.4 | 146.99 | NOTE | |||
r-devel-linux-x86_64-fedora-gcc | 0.3.4 | 190.93 | OK | |||
r-devel-windows-x86_64 | 0.3.4 | 17.00 | 87.00 | 104.00 | OK | |
r-patched-linux-x86_64 | 0.3.4 | 16.81 | 96.59 | 113.40 | OK | |
r-release-linux-x86_64 | 0.3.4 | 17.80 | 96.05 | 113.85 | OK | |
r-release-macos-arm64 | 0.3.4 | 42.00 | OK | |||
r-release-windows-x86_64 | 0.3.4 | 17.00 | 89.00 | 106.00 | OK | |
r-oldrel-macos-arm64 | 0.3.4 | 47.00 | OK | |||
r-oldrel-macos-x86_64 | 0.3.4 | 76.00 | OK | |||
r-oldrel-windows-x86_64 | 0.3.4 | 23.00 | 102.00 | 125.00 | OK |
Version: 0.3.4
Check: package dependencies
Result: NOTE
Imports includes 31 non-default packages.
Importing from so many packages makes the package vulnerable to any of
them becoming unavailable. Move as many as possible to Suggests and
use conditionally.
Flavor: r-devel-linux-x86_64-fedora-clang