Last updated on 2024-05-13 03:49:34 CEST.
Flavor | Version | Tinstall | Tcheck | Ttotal | Status | Flags |
---|---|---|---|---|---|---|
r-devel-linux-x86_64-debian-clang | 0.3 | 13.48 | 101.64 | 115.12 | NOTE | |
r-devel-linux-x86_64-debian-gcc | 0.3 | 9.59 | 74.68 | 84.27 | NOTE | |
r-devel-linux-x86_64-fedora-clang | 0.3 | 135.72 | NOTE | |||
r-devel-linux-x86_64-fedora-gcc | 0.3 | 202.21 | NOTE | |||
r-devel-windows-x86_64 | 0.3 | 11.00 | 94.00 | 105.00 | NOTE | |
r-patched-linux-x86_64 | 0.3 | 10.66 | 96.32 | 106.98 | NOTE | |
r-release-linux-x86_64 | 0.3 | 10.90 | 94.51 | 105.41 | NOTE | |
r-release-macos-arm64 | 0.3 | 42.00 | NOTE | |||
r-release-windows-x86_64 | 0.3 | 11.00 | 92.00 | 103.00 | NOTE | |
r-oldrel-macos-arm64 | 0.3 | 46.00 | OK | |||
r-oldrel-macos-x86_64 | 0.3 | 73.00 | OK | |||
r-oldrel-windows-x86_64 | 0.3 | 14.00 | 109.00 | 123.00 | OK |
Version: 0.3
Check: Rd files
Result: NOTE
checkRd: (-1) lab.qcs.Rd:24: Lost braces
24 | It develops an object of \code{lab.qcs}-code{link{class}} to perform statistical quality control.
| ^
checkRd: (-1) lab.qcs.Rd:24: Lost braces
24 | It develops an object of \code{lab.qcs}-code{link{class}} to perform statistical quality control.
| ^
Flavors: r-devel-linux-x86_64-debian-clang, r-devel-linux-x86_64-debian-gcc, r-devel-linux-x86_64-fedora-clang, r-devel-linux-x86_64-fedora-gcc, r-devel-windows-x86_64, r-patched-linux-x86_64, r-release-linux-x86_64, r-release-macos-arm64, r-release-windows-x86_64