Last updated on 2024-05-13 03:49:34 CEST.
Flavor | Version | Tinstall | Tcheck | Ttotal | Status | Flags |
---|---|---|---|---|---|---|
r-devel-linux-x86_64-debian-clang | 1.1.4.4 | 121.75 | 99.00 | 220.75 | NOTE | |
r-devel-linux-x86_64-debian-gcc | 1.1.4.4 | 103.07 | 71.89 | 174.96 | NOTE | |
r-devel-linux-x86_64-fedora-clang | 1.1.4.4 | 316.51 | NOTE | |||
r-devel-linux-x86_64-fedora-gcc | 1.1.4.4 | 394.10 | NOTE | |||
r-devel-windows-x86_64 | 1.1.4.4 | 102.00 | 115.00 | 217.00 | NOTE | |
r-patched-linux-x86_64 | 1.1.4.4 | 129.42 | 93.97 | 223.39 | NOTE | |
r-release-linux-x86_64 | 1.1.4.4 | 118.53 | 94.48 | 213.01 | NOTE | |
r-release-macos-arm64 | 1.1.4.4 | 68.00 | NOTE | |||
r-release-windows-x86_64 | 1.1.4.4 | 102.00 | 111.00 | 213.00 | NOTE | |
r-oldrel-macos-arm64 | 1.1.4.4 | 84.00 | NOTE | |||
r-oldrel-macos-x86_64 | 1.1.4.4 | 130.00 | NOTE | |||
r-oldrel-windows-x86_64 | 1.1.4.4 | 125.00 | 135.00 | 260.00 | NOTE |
Version: 1.1.4.4
Check: C++ specification
Result: NOTE
Specified C++11: please drop specification unless essential
Flavors: r-devel-linux-x86_64-debian-clang, r-devel-linux-x86_64-debian-gcc, r-devel-linux-x86_64-fedora-clang, r-devel-linux-x86_64-fedora-gcc, r-devel-windows-x86_64, r-patched-linux-x86_64, r-release-linux-x86_64, r-release-macos-arm64, r-release-windows-x86_64, r-oldrel-macos-arm64, r-oldrel-macos-x86_64, r-oldrel-windows-x86_64
Version: 1.1.4.4
Check: for GNU extensions in Makefiles
Result: NOTE
GNU make is a SystemRequirements.
Flavors: r-devel-linux-x86_64-debian-clang, r-devel-linux-x86_64-debian-gcc, r-devel-linux-x86_64-fedora-clang, r-devel-linux-x86_64-fedora-gcc, r-devel-windows-x86_64, r-patched-linux-x86_64, r-release-linux-x86_64, r-release-macos-arm64, r-release-windows-x86_64, r-oldrel-macos-arm64, r-oldrel-macos-x86_64, r-oldrel-windows-x86_64
Version: 1.1.4.4
Check: installed package size
Result: NOTE
installed size is 6.8Mb
sub-directories of 1Mb or more:
libs 5.1Mb
Flavors: r-release-macos-arm64, r-oldrel-macos-arm64, r-oldrel-macos-x86_64