Last updated on 2024-05-11 03:51:56 CEST.
Flavor | Version | Tinstall | Tcheck | Ttotal | Status | Flags |
---|---|---|---|---|---|---|
r-devel-linux-x86_64-debian-clang | 1.1 | 5.64 | 39.05 | 44.69 | NOTE | |
r-devel-linux-x86_64-debian-gcc | 1.1 | 4.22 | 27.26 | 31.48 | NOTE | |
r-devel-linux-x86_64-fedora-clang | 1.1 | 55.82 | NOTE | |||
r-devel-linux-x86_64-fedora-gcc | 1.1 | 56.76 | NOTE | |||
r-devel-windows-x86_64 | 1.1 | 6.00 | 42.00 | 48.00 | NOTE | |
r-patched-linux-x86_64 | 1.1 | 6.33 | 36.70 | 43.03 | NOTE | |
r-release-linux-x86_64 | 1.1 | 5.24 | 36.87 | 42.11 | NOTE | |
r-release-macos-arm64 | 1.1 | 18.00 | NOTE | |||
r-release-windows-x86_64 | 1.1 | 6.00 | 43.00 | 49.00 | NOTE | |
r-oldrel-macos-arm64 | 1.1 | 18.00 | NOTE | |||
r-oldrel-macos-x86_64 | 1.1 | 27.00 | NOTE | |||
r-oldrel-windows-x86_64 | 1.1 | 8.00 | 43.00 | 51.00 | NOTE |
Version: 1.1
Check: LazyData
Result: NOTE
'LazyData' is specified without a 'data' directory
Flavors: r-devel-linux-x86_64-debian-clang, r-devel-linux-x86_64-debian-gcc, r-devel-linux-x86_64-fedora-clang, r-devel-linux-x86_64-fedora-gcc, r-devel-windows-x86_64, r-patched-linux-x86_64, r-release-linux-x86_64, r-release-macos-arm64, r-release-windows-x86_64, r-oldrel-macos-arm64, r-oldrel-macos-x86_64, r-oldrel-windows-x86_64