Last updated on 2024-05-11 03:51:58 CEST.
Flavor | Version | Tinstall | Tcheck | Ttotal | Status | Flags |
---|---|---|---|---|---|---|
r-devel-linux-x86_64-debian-clang | 1.0-3 | 14.03 | 128.88 | 142.91 | NOTE | |
r-devel-linux-x86_64-debian-gcc | 1.0-3 | 10.52 | 94.32 | 104.84 | NOTE | |
r-devel-linux-x86_64-fedora-clang | 1.0-3 | 176.21 | NOTE | |||
r-devel-linux-x86_64-fedora-gcc | 1.0-3 | 239.48 | NOTE | |||
r-devel-windows-x86_64 | 1.0-3 | 12.00 | 116.00 | 128.00 | NOTE | |
r-patched-linux-x86_64 | 1.0-3 | 10.90 | 122.42 | 133.32 | NOTE | |
r-release-linux-x86_64 | 1.0-3 | 12.41 | 122.40 | 134.81 | NOTE | |
r-release-macos-arm64 | 1.0-3 | 51.00 | NOTE | |||
r-release-windows-x86_64 | 1.0-3 | 12.00 | 119.00 | 131.00 | NOTE | |
r-oldrel-macos-arm64 | 1.0-3 | 57.00 | NOTE | |||
r-oldrel-macos-x86_64 | 1.0-3 | 88.00 | NOTE | |||
r-oldrel-windows-x86_64 | 1.0-3 | 18.00 | 138.00 | 156.00 | NOTE |
Version: 1.0-3
Check: package dependencies
Result: NOTE
Package suggested but not available for checking: ‘kerdiest’
Flavors: r-devel-linux-x86_64-debian-clang, r-devel-linux-x86_64-debian-gcc, r-devel-linux-x86_64-fedora-clang, r-devel-linux-x86_64-fedora-gcc, r-devel-windows-x86_64, r-patched-linux-x86_64, r-release-linux-x86_64, r-release-macos-arm64, r-release-windows-x86_64, r-oldrel-macos-arm64, r-oldrel-windows-x86_64
Version: 1.0-3
Check: data for non-ASCII characters
Result: NOTE
Note: found 55 marked UTF-8 strings
Flavors: r-devel-linux-x86_64-fedora-clang, r-devel-linux-x86_64-fedora-gcc
Version: 1.0-3
Check: package dependencies
Result: NOTE
Packages suggested but not available for checking:
'sirt', 'kerdiest', 'car', 'mitml'
Flavor: r-oldrel-macos-x86_64