Last updated on 2024-05-09 15:49:22 CEST.
Flavor | Version | Tinstall | Tcheck | Ttotal | Status | Flags |
---|---|---|---|---|---|---|
r-devel-linux-x86_64-debian-clang | 1.3.1 | 75.98 | 44.06 | 120.04 | NOTE | |
r-devel-linux-x86_64-debian-gcc | 1.3.1 | 67.90 | 35.20 | 103.10 | NOTE | |
r-devel-linux-x86_64-fedora-clang | 1.3.1 | 192.39 | NOTE | |||
r-devel-linux-x86_64-fedora-gcc | 1.3.1 | 267.46 | NOTE | |||
r-devel-windows-x86_64 | 1.3.1 | 63.00 | 103.00 | 166.00 | NOTE | |
r-patched-linux-x86_64 | 1.3.1 | 91.89 | 44.36 | 136.25 | NOTE | |
r-release-linux-x86_64 | 1.3.1 | 82.51 | 42.94 | 125.45 | NOTE | |
r-release-macos-arm64 | 1.3.1 | 48.00 | NOTE | |||
r-release-windows-x86_64 | 1.3.1 | 65.00 | 99.00 | 164.00 | NOTE | |
r-oldrel-macos-arm64 | 1.3.1 | 55.00 | NOTE | |||
r-oldrel-macos-x86_64 | 1.3.1 | 91.00 | NOTE | |||
r-oldrel-windows-x86_64 | 1.3.1 | 78.00 | 102.00 | 180.00 | NOTE |
Version: 1.3.1
Check: C++ specification
Result: NOTE
Specified C++11: please drop specification unless essential
Flavors: r-devel-linux-x86_64-debian-clang, r-devel-linux-x86_64-debian-gcc, r-devel-linux-x86_64-fedora-clang, r-devel-linux-x86_64-fedora-gcc, r-devel-windows-x86_64, r-patched-linux-x86_64, r-release-linux-x86_64, r-release-macos-arm64, r-release-windows-x86_64, r-oldrel-macos-arm64, r-oldrel-macos-x86_64, r-oldrel-windows-x86_64