Last updated on 2024-05-11 03:51:58 CEST.
Flavor | Version | Tinstall | Tcheck | Ttotal | Status | Flags |
---|---|---|---|---|---|---|
r-devel-linux-x86_64-debian-clang | 1.2.2 | 10.58 | 373.56 | 384.14 | OK | |
r-devel-linux-x86_64-debian-gcc | 1.2.2 | 7.29 | 260.40 | 267.69 | OK | |
r-devel-linux-x86_64-fedora-clang | 1.2.2 | 464.67 | NOTE | |||
r-devel-linux-x86_64-fedora-gcc | 1.2.2 | 525.34 | OK | |||
r-devel-windows-x86_64 | 1.2.2 | 8.00 | 385.00 | 393.00 | NOTE | |
r-patched-linux-x86_64 | 1.2.2 | 11.82 | 355.66 | 367.48 | OK | |
r-release-linux-x86_64 | 1.2.2 | 7.72 | 366.20 | 373.92 | OK | |
r-release-macos-arm64 | 1.2.2 | 111.00 | NOTE | |||
r-release-windows-x86_64 | 1.2.2 | 8.00 | 367.00 | 375.00 | NOTE | |
r-oldrel-macos-arm64 | 1.2.2 | 123.00 | NOTE | |||
r-oldrel-macos-x86_64 | 1.2.2 | 167.00 | NOTE | |||
r-oldrel-windows-x86_64 | 1.2.2 | 11.00 | 442.00 | 453.00 | NOTE |
Version: 1.2.2
Check: installed package size
Result: NOTE
installed size is 5.2Mb
sub-directories of 1Mb or more:
data 1.2Mb
doc 3.5Mb
Flavors: r-devel-linux-x86_64-fedora-clang, r-devel-windows-x86_64, r-release-macos-arm64, r-release-windows-x86_64, r-oldrel-macos-arm64, r-oldrel-macos-x86_64, r-oldrel-windows-x86_64
Version: 1.2.2
Check: package dependencies
Result: NOTE
Package suggested but not available for checking: ‘DescTools’
Flavor: r-oldrel-macos-x86_64