Last updated on 2024-05-13 03:49:37 CEST.
Flavor | Version | Tinstall | Tcheck | Ttotal | Status | Flags |
---|---|---|---|---|---|---|
r-devel-linux-x86_64-debian-clang | 1.2.1 | 29.98 | 134.02 | 164.00 | OK | |
r-devel-linux-x86_64-debian-gcc | 1.2.1 | 24.53 | 94.68 | 119.21 | OK | |
r-devel-linux-x86_64-fedora-clang | 1.2.1 | 208.22 | NOTE | |||
r-devel-linux-x86_64-fedora-gcc | 1.2.1 | 284.83 | NOTE | |||
r-devel-windows-x86_64 | 1.2.1 | 27.00 | 126.00 | 153.00 | OK | |
r-patched-linux-x86_64 | 1.2.1 | 28.11 | 125.81 | 153.92 | OK | |
r-release-linux-x86_64 | 1.2.1 | 26.36 | 125.01 | 151.37 | OK | |
r-release-macos-arm64 | 1.2.1 | 53.00 | OK | |||
r-release-macos-x86_64 | 1.2.1 | 141.00 | OK | |||
r-release-windows-x86_64 | 1.2.1 | 27.00 | 125.00 | 152.00 | OK | |
r-oldrel-macos-arm64 | 1.2.1 | 64.00 | OK | |||
r-oldrel-macos-x86_64 | 1.2.1 | 134.00 | OK | |||
r-oldrel-windows-x86_64 | 1.2.1 | 36.00 | 161.00 | 197.00 | OK |
Version: 1.2.1
Check: dependencies in R code
Result: NOTE
Namespaces in Imports field not imported from:
‘MASS’ ‘Rdpack’ ‘copula’ ‘missMethods’
All declared Imports should be used.
Flavors: r-devel-linux-x86_64-fedora-clang, r-devel-linux-x86_64-fedora-gcc