Last updated on 2024-05-13 03:49:37 CEST.
Flavor | Version | Tinstall | Tcheck | Ttotal | Status | Flags |
---|---|---|---|---|---|---|
r-devel-linux-x86_64-debian-clang | 0.5 | 48.38 | 80.03 | 128.41 | OK | |
r-devel-linux-x86_64-debian-gcc | 0.5 | 42.56 | 60.81 | 103.37 | OK | |
r-devel-linux-x86_64-fedora-clang | 0.5 | 187.75 | OK | |||
r-devel-linux-x86_64-fedora-gcc | 0.5 | 227.54 | OK | |||
r-devel-windows-x86_64 | 0.5 | 40.00 | 101.00 | 141.00 | OK | |
r-patched-linux-x86_64 | 0.5 | 42.76 | 82.29 | 125.05 | OK | |
r-release-linux-x86_64 | 0.5 | 39.82 | 81.49 | 121.31 | OK | |
r-release-macos-arm64 | 0.5 | 45.00 | NOTE | |||
r-release-windows-x86_64 | 0.5 | 43.00 | 96.00 | 139.00 | OK | |
r-oldrel-macos-arm64 | 0.5 | 50.00 | NOTE | |||
r-oldrel-macos-x86_64 | 0.5 | 100.00 | NOTE | |||
r-oldrel-windows-x86_64 | 0.5 | 49.00 | 116.00 | 165.00 | OK |
Version: 0.5
Check: installed package size
Result: NOTE
installed size is 5.9Mb
sub-directories of 1Mb or more:
libs 5.4Mb
Flavors: r-release-macos-arm64, r-oldrel-macos-arm64, r-oldrel-macos-x86_64