Last updated on 2024-05-13 03:49:37 CEST.
Flavor | Version | Tinstall | Tcheck | Ttotal | Status | Flags |
---|---|---|---|---|---|---|
r-devel-linux-x86_64-debian-clang | 4.0.3 | 10.18 | 76.40 | 86.58 | NOTE | |
r-devel-linux-x86_64-debian-gcc | 4.0.3 | 7.21 | 56.38 | 63.59 | NOTE | |
r-devel-linux-x86_64-fedora-clang | 4.0.3 | 102.03 | NOTE | |||
r-devel-linux-x86_64-fedora-gcc | 4.0.3 | 160.39 | NOTE | |||
r-devel-windows-x86_64 | 4.0.3 | 8.00 | 75.00 | 83.00 | NOTE | |
r-patched-linux-x86_64 | 4.0.3 | 8.55 | 72.78 | 81.33 | NOTE | |
r-release-linux-x86_64 | 4.0.3 | 9.42 | 72.78 | 82.20 | NOTE | |
r-release-macos-arm64 | 4.0.3 | 32.00 | NOTE | |||
r-release-windows-x86_64 | 4.0.3 | 8.00 | 74.00 | 82.00 | NOTE | |
r-oldrel-macos-arm64 | 4.0.3 | 49.00 | OK | |||
r-oldrel-macos-x86_64 | 4.0.3 | 55.00 | OK | |||
r-oldrel-windows-x86_64 | 4.0.3 | 9.00 | 86.00 | 95.00 | OK |
Version: 4.0.3
Check: Rd files
Result: NOTE
checkRd: (-1) mdp_example_forest.Rd:36: Lost braces; missing escapes or markup?
36 | Let {1, ... S} be the states of the forest. the Sth state being the oldest.
| ^
Flavors: r-devel-linux-x86_64-debian-clang, r-devel-linux-x86_64-debian-gcc, r-devel-linux-x86_64-fedora-clang, r-devel-linux-x86_64-fedora-gcc, r-devel-windows-x86_64, r-patched-linux-x86_64, r-release-linux-x86_64, r-release-macos-arm64, r-release-windows-x86_64