Last updated on 2024-05-13 03:49:38 CEST.
Flavor | Version | Tinstall | Tcheck | Ttotal | Status | Flags |
---|---|---|---|---|---|---|
r-devel-linux-x86_64-debian-clang | 3.0 | 36.10 | 157.26 | 193.36 | OK | |
r-devel-linux-x86_64-debian-gcc | 3.0 | 27.89 | 107.22 | 135.11 | OK | |
r-devel-linux-x86_64-fedora-clang | 3.0 | 232.42 | NOTE | |||
r-devel-linux-x86_64-fedora-gcc | 3.0 | 253.26 | NOTE | |||
r-devel-windows-x86_64 | 3.0 | 28.00 | 107.00 | 135.00 | OK | |
r-patched-linux-x86_64 | 3.0 | 22.62 | 144.71 | 167.33 | OK | |
r-release-linux-x86_64 | 3.0 | 25.23 | 143.88 | 169.11 | OK | |
r-release-macos-arm64 | 3.0 | 55.00 | OK | |||
r-release-windows-x86_64 | 3.0 | 30.00 | 106.00 | 136.00 | OK | |
r-oldrel-macos-arm64 | 3.0 | 60.00 | OK | |||
r-oldrel-macos-x86_64 | 3.0 | 93.00 | OK | |||
r-oldrel-windows-x86_64 | 3.0 | 36.00 | 132.00 | 168.00 | OK |
Version: 3.0
Check: dependencies in R code
Result: NOTE
Namespaces in Imports field not imported from:
‘datasets’ ‘grDevices’ ‘graphics’ ‘iterators’ ‘methods’
All declared Imports should be used.
Flavors: r-devel-linux-x86_64-fedora-clang, r-devel-linux-x86_64-fedora-gcc