Last updated on 2024-05-13 03:49:36 CEST.
Flavor | Version | Tinstall | Tcheck | Ttotal | Status | Flags |
---|---|---|---|---|---|---|
r-devel-linux-x86_64-debian-clang | 0.1.15 | 167.31 | 225.30 | 392.61 | OK | |
r-devel-linux-x86_64-debian-gcc | 0.1.15 | 133.39 | 161.24 | 294.63 | OK | |
r-devel-linux-x86_64-fedora-clang | 0.1.15 | 505.19 | OK | |||
r-devel-linux-x86_64-fedora-gcc | 0.1.15 | 646.80 | OK | |||
r-devel-windows-x86_64 | 0.1.15 | 126.00 | 187.00 | 313.00 | OK | |
r-patched-linux-x86_64 | 0.1.15 | 157.94 | 210.38 | 368.32 | OK | |
r-release-linux-x86_64 | 0.1.15 | 159.33 | 215.38 | 374.71 | OK | |
r-release-macos-arm64 | 0.1.15 | 172.00 | NOTE | |||
r-release-macos-x86_64 | 0.1.15 | 217.00 | NOTE | |||
r-release-windows-x86_64 | 0.1.15 | 121.00 | 181.00 | 302.00 | OK | |
r-oldrel-macos-arm64 | 0.1.15 | 124.00 | NOTE | |||
r-oldrel-macos-x86_64 | 0.1.15 | 268.00 | NOTE | |||
r-oldrel-windows-x86_64 | 0.1.15 | 156.00 | 239.00 | 395.00 | OK |
Version: 0.1.15
Check: installed package size
Result: NOTE
installed size is 11.3Mb
sub-directories of 1Mb or more:
R 2.1Mb
libs 9.0Mb
Flavors: r-release-macos-arm64, r-release-macos-x86_64, r-oldrel-macos-arm64, r-oldrel-macos-x86_64