Last updated on 2024-05-13 03:49:37 CEST.
Flavor | Version | Tinstall | Tcheck | Ttotal | Status | Flags |
---|---|---|---|---|---|---|
r-devel-linux-x86_64-debian-clang | 0.8.6 | 7.45 | 118.14 | 125.59 | OK | |
r-devel-linux-x86_64-debian-gcc | 0.8.6 | 6.56 | 90.42 | 96.98 | OK | |
r-devel-linux-x86_64-fedora-clang | 0.8.6 | 157.73 | NOTE | |||
r-devel-linux-x86_64-fedora-gcc | 0.8.6 | 242.87 | NOTE | |||
r-devel-windows-x86_64 | 0.8.6 | 8.00 | 121.00 | 129.00 | OK | |
r-patched-linux-x86_64 | 0.8.6 | 7.34 | 117.06 | 124.40 | OK | |
r-release-linux-x86_64 | 0.8.6 | 5.52 | 113.75 | 119.27 | OK | |
r-release-macos-arm64 | 0.8.6 | 57.00 | OK | |||
r-release-windows-x86_64 | 0.8.6 | 10.00 | 122.00 | 132.00 | OK | |
r-oldrel-macos-arm64 | 0.8.6 | 81.00 | OK | |||
r-oldrel-macos-x86_64 | 0.8.6 | 116.00 | OK | |||
r-oldrel-windows-x86_64 | 0.8.6 | 11.00 | 138.00 | 149.00 | OK |
Version: 0.8.6
Check: data for non-ASCII characters
Result: NOTE
Note: found 54 marked UTF-8 strings
Flavors: r-devel-linux-x86_64-fedora-clang, r-devel-linux-x86_64-fedora-gcc