Last updated on 2024-05-13 03:49:37 CEST.
Flavor | Version | Tinstall | Tcheck | Ttotal | Status | Flags |
---|---|---|---|---|---|---|
r-devel-linux-x86_64-debian-clang | 0.1.3 | 6.57 | 54.76 | 61.33 | NOTE | |
r-devel-linux-x86_64-debian-gcc | 0.1.3 | 4.96 | 40.08 | 45.04 | NOTE | |
r-devel-linux-x86_64-fedora-clang | 0.1.3 | 74.53 | NOTE | |||
r-devel-linux-x86_64-fedora-gcc | 0.1.3 | 107.95 | NOTE | |||
r-devel-windows-x86_64 | 0.1.3 | 7.00 | 59.00 | 66.00 | NOTE | |
r-patched-linux-x86_64 | 0.1.3 | 4.75 | 52.95 | 57.70 | NOTE | |
r-release-linux-x86_64 | 0.1.3 | 4.99 | 51.56 | 56.55 | NOTE | |
r-release-macos-arm64 | 0.1.3 | 25.00 | NOTE | |||
r-release-windows-x86_64 | 0.1.3 | 8.00 | 68.00 | 76.00 | NOTE | |
r-oldrel-macos-arm64 | 0.1.3 | 26.00 | NOTE | |||
r-oldrel-macos-x86_64 | 0.1.3 | 38.00 | NOTE | |||
r-oldrel-windows-x86_64 | 0.1.3 | 8.00 | 65.00 | 73.00 | NOTE |
Version: 0.1.3
Check: LazyData
Result: NOTE
'LazyData' is specified without a 'data' directory
Flavors: r-devel-linux-x86_64-debian-clang, r-devel-linux-x86_64-debian-gcc, r-devel-linux-x86_64-fedora-clang, r-devel-linux-x86_64-fedora-gcc, r-devel-windows-x86_64, r-patched-linux-x86_64, r-release-linux-x86_64, r-release-macos-arm64, r-release-windows-x86_64, r-oldrel-macos-arm64, r-oldrel-macos-x86_64, r-oldrel-windows-x86_64