Last updated on 2024-05-13 03:49:38 CEST.
Flavor | Version | Tinstall | Tcheck | Ttotal | Status | Flags |
---|---|---|---|---|---|---|
r-devel-linux-x86_64-debian-clang | 6.0 | 74.66 | 92.07 | 166.73 | OK | |
r-devel-linux-x86_64-debian-gcc | 6.0 | 60.63 | 63.03 | 123.66 | OK | |
r-devel-linux-x86_64-fedora-clang | 6.0 | 215.25 | OK | |||
r-devel-linux-x86_64-fedora-gcc | 6.0 | 277.24 | OK | |||
r-devel-windows-x86_64 | 6.0 | 56.00 | 98.00 | 154.00 | OK | |
r-patched-linux-x86_64 | 6.0 | 82.53 | 86.27 | 168.80 | OK | |
r-release-linux-x86_64 | 6.0 | 68.95 | 87.77 | 156.72 | OK | |
r-release-macos-arm64 | 6.0 | 48.00 | NOTE | |||
r-release-windows-x86_64 | 6.0 | 58.00 | 99.00 | 157.00 | OK | |
r-oldrel-macos-arm64 | 6.0 | 56.00 | NOTE | |||
r-oldrel-macos-x86_64 | 6.0 | 98.00 | NOTE | |||
r-oldrel-windows-x86_64 | 6.0 | 71.00 | 118.00 | 189.00 | OK |
Version: 6.0
Check: installed package size
Result: NOTE
installed size is 7.1Mb
sub-directories of 1Mb or more:
libs 6.5Mb
Flavors: r-release-macos-arm64, r-oldrel-macos-arm64, r-oldrel-macos-x86_64
Version: 6.0
Check: package dependencies
Result: NOTE
Package suggested but not available for checking: ‘tmvtnorm’
Flavor: r-oldrel-macos-x86_64