Last updated on 2024-05-13 03:49:39 CEST.
Flavor | Version | Tinstall | Tcheck | Ttotal | Status | Flags |
---|---|---|---|---|---|---|
r-devel-linux-x86_64-debian-clang | 1.0.1 | 9.45 | 81.93 | 91.38 | NOTE | |
r-devel-linux-x86_64-debian-gcc | 1.0.1 | 6.40 | 60.45 | 66.85 | NOTE | |
r-devel-linux-x86_64-fedora-clang | 1.0.1 | 110.45 | NOTE | |||
r-devel-linux-x86_64-fedora-gcc | 1.0.1 | 161.70 | NOTE | |||
r-devel-windows-x86_64 | 1.0.1 | 9.00 | 75.00 | 84.00 | NOTE | |
r-patched-linux-x86_64 | 1.0.1 | 8.87 | 77.78 | 86.65 | NOTE | |
r-release-linux-x86_64 | 1.0.1 | 8.81 | 77.20 | 86.01 | NOTE | |
r-release-macos-arm64 | 1.0.1 | 33.00 | NOTE | |||
r-release-windows-x86_64 | 1.0.1 | 9.00 | 76.00 | 85.00 | NOTE | |
r-oldrel-macos-arm64 | 1.0.1 | 39.00 | NOTE | |||
r-oldrel-macos-x86_64 | 1.0.1 | 64.00 | NOTE | |||
r-oldrel-windows-x86_64 | 1.0.1 | 11.00 | 94.00 | 105.00 | NOTE |
Version: 1.0.1
Check: LazyData
Result: NOTE
'LazyData' is specified without a 'data' directory
Flavors: r-devel-linux-x86_64-debian-clang, r-devel-linux-x86_64-debian-gcc, r-devel-linux-x86_64-fedora-clang, r-devel-linux-x86_64-fedora-gcc, r-devel-windows-x86_64, r-patched-linux-x86_64, r-release-linux-x86_64, r-release-macos-arm64, r-release-windows-x86_64, r-oldrel-macos-arm64, r-oldrel-macos-x86_64, r-oldrel-windows-x86_64