Last updated on 2024-05-11 03:52:01 CEST.
Flavor | Version | Tinstall | Tcheck | Ttotal | Status | Flags |
---|---|---|---|---|---|---|
r-devel-linux-x86_64-debian-clang | 0.2.1 | 27.29 | 370.27 | 397.56 | OK | |
r-devel-linux-x86_64-debian-gcc | 0.2.1 | 20.95 | 266.28 | 287.23 | OK | |
r-devel-linux-x86_64-fedora-clang | 0.2.1 | 513.53 | NOTE | |||
r-devel-linux-x86_64-fedora-gcc | 0.2.1 | 547.74 | NOTE | |||
r-devel-windows-x86_64 | 0.2.1 | 24.00 | 260.00 | 284.00 | NOTE | |
r-patched-linux-x86_64 | 0.2.1 | 33.08 | 351.73 | 384.81 | OK | |
r-release-linux-x86_64 | 0.2.1 | 21.43 | 353.19 | 374.62 | OK | |
r-release-macos-arm64 | 0.2.1 | 144.00 | NOTE | |||
r-release-windows-x86_64 | 0.2.1 | 24.00 | 248.00 | 272.00 | NOTE | |
r-oldrel-macos-arm64 | 0.2.1 | 143.00 | NOTE | |||
r-oldrel-macos-x86_64 | 0.2.1 | 258.00 | NOTE | |||
r-oldrel-windows-x86_64 | 0.2.1 | 32.00 | 333.00 | 365.00 | NOTE |
Version: 0.2.1
Check: installed package size
Result: NOTE
installed size is 5.2Mb
sub-directories of 1Mb or more:
doc 4.0Mb
Flavors: r-devel-linux-x86_64-fedora-clang, r-devel-windows-x86_64, r-release-macos-arm64, r-release-windows-x86_64, r-oldrel-macos-arm64, r-oldrel-macos-x86_64, r-oldrel-windows-x86_64
Version: 0.2.1
Check: data for non-ASCII characters
Result: NOTE
Note: found 24 marked UTF-8 strings
Flavors: r-devel-linux-x86_64-fedora-clang, r-devel-linux-x86_64-fedora-gcc