Last updated on 2024-05-13 03:49:40 CEST.
Flavor | Version | Tinstall | Tcheck | Ttotal | Status | Flags |
---|---|---|---|---|---|---|
r-devel-linux-x86_64-debian-clang | 0.29.11 | 7.49 | 91.31 | 98.80 | NOTE | |
r-devel-linux-x86_64-debian-gcc | 0.29.11 | 7.40 | 65.65 | 73.05 | NOTE | |
r-devel-linux-x86_64-fedora-clang | 0.29.11 | 119.98 | NOTE | |||
r-devel-linux-x86_64-fedora-gcc | 0.29.11 | 176.98 | NOTE | |||
r-devel-windows-x86_64 | 0.29.11 | 9.00 | 86.00 | 95.00 | NOTE | |
r-patched-linux-x86_64 | 0.29.11 | 9.48 | 84.74 | 94.22 | NOTE | |
r-release-linux-x86_64 | 0.29.11 | 8.95 | 86.26 | 95.21 | NOTE | |
r-release-macos-arm64 | 0.29.11 | 39.00 | NOTE | |||
r-release-windows-x86_64 | 0.29.11 | 9.00 | 81.00 | 90.00 | NOTE | |
r-oldrel-macos-arm64 | 0.29.11 | 42.00 | OK | |||
r-oldrel-macos-x86_64 | 0.29.11 | 66.00 | OK | |||
r-oldrel-windows-x86_64 | 0.29.11 | 11.00 | 99.00 | 110.00 | OK |
Version: 0.29.11
Check: Rd files
Result: NOTE
checkRd: (-1) ROCplots.Rd:35: Lost braces in \itemize; meant \describe ?
checkRd: (-1) ROCplots.Rd:36: Lost braces in \itemize; meant \describe ?
checkRd: (-1) ROCplots.Rd:37: Lost braces in \itemize; meant \describe ?
checkRd: (-1) ROCplots.Rd:38: Lost braces in \itemize; meant \describe ?
checkRd: (-1) ROCplots.Rd:39: Lost braces in \itemize; meant \describe ?
checkRd: (-1) ROCplots.Rd:40: Lost braces in \itemize; meant \describe ?
Flavors: r-devel-linux-x86_64-debian-clang, r-devel-linux-x86_64-debian-gcc, r-devel-linux-x86_64-fedora-clang, r-devel-linux-x86_64-fedora-gcc, r-devel-windows-x86_64, r-patched-linux-x86_64, r-release-linux-x86_64, r-release-macos-arm64, r-release-windows-x86_64