Last updated on 2024-05-13 03:49:40 CEST.
Flavor | Version | Tinstall | Tcheck | Ttotal | Status | Flags |
---|---|---|---|---|---|---|
r-devel-linux-x86_64-debian-clang | 1.0.8 | 21.28 | 214.76 | 236.04 | OK | |
r-devel-linux-x86_64-debian-gcc | 1.0.8 | 16.13 | 160.06 | 176.19 | OK | |
r-devel-linux-x86_64-fedora-clang | 1.0.8 | 297.75 | NOTE | |||
r-devel-linux-x86_64-fedora-gcc | 1.0.8 | 369.69 | NOTE | |||
r-devel-windows-x86_64 | 1.0.8 | 17.00 | 168.00 | 185.00 | NOTE | |
r-patched-linux-x86_64 | 1.0.8 | 13.52 | 204.11 | 217.63 | OK | |
r-release-linux-x86_64 | 1.0.8 | 12.17 | 202.32 | 214.49 | OK | |
r-release-macos-arm64 | 1.0.8 | 89.00 | NOTE | |||
r-release-macos-x86_64 | 1.0.8 | 240.00 | NOTE | |||
r-release-windows-x86_64 | 1.0.8 | 17.00 | 164.00 | 181.00 | NOTE | |
r-oldrel-macos-arm64 | 1.0.8 | 103.00 | NOTE | |||
r-oldrel-macos-x86_64 | 1.0.8 | 205.00 | NOTE | |||
r-oldrel-windows-x86_64 | 1.0.8 | 23.00 | 212.00 | 235.00 | NOTE |
Version: 1.0.8
Check: installed package size
Result: NOTE
installed size is 5.9Mb
sub-directories of 1Mb or more:
doc 4.3Mb
Flavors: r-devel-linux-x86_64-fedora-clang, r-devel-windows-x86_64, r-release-macos-arm64, r-release-macos-x86_64, r-release-windows-x86_64, r-oldrel-macos-arm64, r-oldrel-macos-x86_64, r-oldrel-windows-x86_64
Version: 1.0.8
Check: data for non-ASCII characters
Result: NOTE
Note: found 10 marked UTF-8 strings
Flavors: r-devel-linux-x86_64-fedora-clang, r-devel-linux-x86_64-fedora-gcc