Last updated on 2024-05-13 03:49:41 CEST.
Flavor | Version | Tinstall | Tcheck | Ttotal | Status | Flags |
---|---|---|---|---|---|---|
r-devel-linux-x86_64-debian-clang | 1.0.0 | 8.81 | 116.55 | 125.36 | OK | |
r-devel-linux-x86_64-debian-gcc | 1.0.0 | 6.36 | 87.39 | 93.75 | OK | |
r-devel-linux-x86_64-fedora-clang | 1.0.0 | 152.18 | NOTE | |||
r-devel-linux-x86_64-fedora-gcc | 1.0.0 | 218.08 | NOTE | |||
r-devel-windows-x86_64 | 1.0.0 | 7.00 | 106.00 | 113.00 | OK | |
r-patched-linux-x86_64 | 1.0.0 | 6.14 | 112.90 | 119.04 | OK | |
r-release-linux-x86_64 | 1.0.0 | 8.47 | 113.91 | 122.38 | OK | |
r-release-macos-arm64 | 1.0.0 | 50.00 | OK | |||
r-release-windows-x86_64 | 1.0.0 | 7.00 | 102.00 | 109.00 | OK | |
r-oldrel-macos-arm64 | 1.0.0 | 57.00 | OK | |||
r-oldrel-macos-x86_64 | 1.0.0 | 88.00 | OK | |||
r-oldrel-windows-x86_64 | 1.0.0 | 10.00 | 121.00 | 131.00 | OK |
Version: 1.0.0
Check: dependencies in R code
Result: NOTE
Namespace in Imports field not imported from: ‘survival’
All declared Imports should be used.
Flavors: r-devel-linux-x86_64-fedora-clang, r-devel-linux-x86_64-fedora-gcc