Last updated on 2024-05-09 15:49:30 CEST.
Flavor | Version | Tinstall | Tcheck | Ttotal | Status | Flags |
---|---|---|---|---|---|---|
r-devel-linux-x86_64-debian-clang | 3.2.13 | 110.50 | 114.67 | 225.17 | OK | |
r-devel-linux-x86_64-debian-gcc | 3.2.13 | 86.26 | 84.29 | 170.55 | OK | |
r-devel-linux-x86_64-fedora-clang | 3.2.13 | 268.10 | OK | |||
r-devel-linux-x86_64-fedora-gcc | 3.2.13 | 361.85 | OK | |||
r-devel-windows-x86_64 | 3.2.13 | 79.00 | 114.00 | 193.00 | OK | |
r-patched-linux-x86_64 | 3.2.13 | 101.90 | 110.13 | 212.03 | OK | |
r-release-linux-x86_64 | 3.2.13 | 107.87 | 110.14 | 218.01 | OK | |
r-release-macos-arm64 | 3.2.13 | 66.00 | NOTE | |||
r-release-windows-x86_64 | 3.2.13 | 81.00 | 121.00 | 202.00 | OK | |
r-oldrel-macos-arm64 | 3.2.13 | 69.00 | NOTE | |||
r-oldrel-macos-x86_64 | 3.2.13 | 185.00 | NOTE | |||
r-oldrel-windows-x86_64 | 3.2.13 | 95.00 | 142.00 | 237.00 | OK |
Version: 3.2.13
Check: installed package size
Result: NOTE
installed size is 21.1Mb
sub-directories of 1Mb or more:
libs 20.7Mb
Flavors: r-release-macos-arm64, r-oldrel-macos-arm64, r-oldrel-macos-x86_64