Last updated on 2024-05-11 03:52:04 CEST.
Flavor | Version | Tinstall | Tcheck | Ttotal | Status | Flags |
---|---|---|---|---|---|---|
r-devel-linux-x86_64-debian-clang | 1.0-1 | 18.21 | 136.05 | 154.26 | NOTE | |
r-devel-linux-x86_64-debian-gcc | 1.0-1 | 13.91 | 98.97 | 112.88 | NOTE | |
r-devel-linux-x86_64-fedora-clang | 1.0-1 | 185.39 | NOTE | |||
r-devel-linux-x86_64-fedora-gcc | 1.0-1 | 240.56 | NOTE | |||
r-devel-windows-x86_64 | 1.0-1 | 15.00 | 108.00 | 123.00 | NOTE | |
r-patched-linux-x86_64 | 1.0-1 | 17.99 | 127.62 | 145.61 | NOTE | |
r-release-linux-x86_64 | 1.0-1 | 10.98 | 126.51 | 137.49 | NOTE | |
r-release-macos-arm64 | 1.0-1 | 50.00 | NOTE | |||
r-release-windows-x86_64 | 1.0-1 | 14.00 | 107.00 | 121.00 | NOTE | |
r-oldrel-macos-arm64 | 1.0-1 | 59.00 | NOTE | |||
r-oldrel-macos-x86_64 | 1.0-1 | 89.00 | NOTE | |||
r-oldrel-windows-x86_64 | 1.0-1 | 20.00 | 132.00 | 152.00 | NOTE |
Version: 1.0-1
Check: package subdirectories
Result: NOTE
Problems with news in ‘NEWS.md’:
No news entries found.
Flavors: r-devel-linux-x86_64-debian-clang, r-devel-linux-x86_64-debian-gcc, r-devel-linux-x86_64-fedora-clang, r-devel-linux-x86_64-fedora-gcc, r-devel-windows-x86_64, r-patched-linux-x86_64, r-release-linux-x86_64, r-release-macos-arm64, r-release-windows-x86_64, r-oldrel-macos-arm64, r-oldrel-macos-x86_64, r-oldrel-windows-x86_64