Last updated on 2024-05-13 03:49:41 CEST.
Flavor | Version | Tinstall | Tcheck | Ttotal | Status | Flags |
---|---|---|---|---|---|---|
r-devel-linux-x86_64-debian-clang | 0.1.0 | 9.37 | 49.02 | 58.39 | NOTE | |
r-devel-linux-x86_64-debian-gcc | 0.1.0 | 8.68 | 36.91 | 45.59 | NOTE | |
r-devel-linux-x86_64-fedora-clang | 0.1.0 | 75.12 | NOTE | |||
r-devel-linux-x86_64-fedora-gcc | 0.1.0 | 106.23 | NOTE | |||
r-devel-windows-x86_64 | 0.1.0 | 10.00 | 57.00 | 67.00 | NOTE | |
r-patched-linux-x86_64 | 0.1.0 | 9.69 | 46.55 | 56.24 | NOTE | |
r-release-linux-x86_64 | 0.1.0 | 8.44 | 46.20 | 54.64 | NOTE | |
r-release-macos-arm64 | 0.1.0 | 32.00 | NOTE | |||
r-release-windows-x86_64 | 0.1.0 | 10.00 | 57.00 | 67.00 | NOTE | |
r-oldrel-macos-arm64 | 0.1.0 | 34.00 | OK | |||
r-oldrel-macos-x86_64 | 0.1.0 | 50.00 | OK | |||
r-oldrel-windows-x86_64 | 0.1.0 | 12.00 | 62.00 | 74.00 | OK |
Version: 0.1.0
Check: Rd files
Result: NOTE
checkRd: (-1) PakPMICS2018fs.Rd:308: Lost braces in \enumerate; meant \describe ?
checkRd: (-1) PakPMICS2018fs.Rd:309: Lost braces in \enumerate; meant \describe ?
Flavors: r-devel-linux-x86_64-debian-clang, r-devel-linux-x86_64-debian-gcc, r-devel-linux-x86_64-fedora-clang, r-devel-linux-x86_64-fedora-gcc, r-devel-windows-x86_64, r-patched-linux-x86_64, r-release-linux-x86_64, r-release-macos-arm64, r-release-windows-x86_64