Last updated on 2024-05-13 03:49:42 CEST.
Flavor | Version | Tinstall | Tcheck | Ttotal | Status | Flags |
---|---|---|---|---|---|---|
r-devel-linux-x86_64-debian-clang | 2.1.4 | 3.17 | 42.12 | 45.29 | NOTE | |
r-devel-linux-x86_64-debian-gcc | 2.1.4 | 2.30 | 31.44 | 33.74 | NOTE | |
r-devel-linux-x86_64-fedora-clang | 2.1.4 | 57.01 | NOTE | |||
r-devel-linux-x86_64-fedora-gcc | 2.1.4 | 73.72 | NOTE | |||
r-devel-windows-x86_64 | 2.1.4 | 3.00 | 56.00 | 59.00 | NOTE | |
r-patched-linux-x86_64 | 2.1.4 | 3.15 | 39.91 | 43.06 | NOTE | |
r-release-linux-x86_64 | 2.1.4 | 3.11 | 40.10 | 43.21 | NOTE | |
r-release-macos-arm64 | 2.1.4 | 32.00 | NOTE | |||
r-release-windows-x86_64 | 2.1.4 | 4.00 | 56.00 | 60.00 | NOTE | |
r-oldrel-macos-arm64 | 2.1.4 | 29.00 | OK | |||
r-oldrel-macos-x86_64 | 2.1.4 | 36.00 | OK | |||
r-oldrel-windows-x86_64 | 2.1.4 | 3.00 | 58.00 | 61.00 | OK |
Version: 2.1.4
Check: Rd files
Result: NOTE
checkRd: (-1) one_design.Rd:125-126: Lost braces
125 | function serves for the purpose of spot-testing for any pre-specified {n,
| ^
Flavors: r-devel-linux-x86_64-debian-clang, r-devel-linux-x86_64-debian-gcc, r-devel-linux-x86_64-fedora-clang, r-devel-linux-x86_64-fedora-gcc, r-devel-windows-x86_64, r-patched-linux-x86_64, r-release-linux-x86_64, r-release-macos-arm64, r-release-windows-x86_64