Last updated on 2024-05-13 03:49:43 CEST.
Flavor | Version | Tinstall | Tcheck | Ttotal | Status | Flags |
---|---|---|---|---|---|---|
r-devel-linux-x86_64-debian-clang | 0.1.2 | 8.24 | 59.31 | 67.55 | NOTE | |
r-devel-linux-x86_64-debian-gcc | 0.1.2 | 6.60 | 43.36 | 49.96 | NOTE | |
r-devel-linux-x86_64-fedora-clang | 0.1.2 | 85.57 | NOTE | |||
r-devel-linux-x86_64-fedora-gcc | 0.1.2 | 98.81 | NOTE | |||
r-devel-windows-x86_64 | 0.1.2 | 8.00 | 68.00 | 76.00 | NOTE | |
r-patched-linux-x86_64 | 0.1.2 | 9.40 | 56.29 | 65.69 | NOTE | |
r-release-linux-x86_64 | 0.1.2 | 5.89 | 55.10 | 60.99 | NOTE | |
r-release-macos-arm64 | 0.1.2 | 27.00 | NOTE | |||
r-release-windows-x86_64 | 0.1.2 | 9.00 | 69.00 | 78.00 | NOTE | |
r-oldrel-macos-arm64 | 0.1.2 | 27.00 | NOTE | |||
r-oldrel-macos-x86_64 | 0.1.2 | 40.00 | NOTE | |||
r-oldrel-windows-x86_64 | 0.1.2 | 9.00 | 76.00 | 85.00 | NOTE |
Version: 0.1.2
Check: LazyData
Result: NOTE
'LazyData' is specified without a 'data' directory
Flavors: r-devel-linux-x86_64-debian-clang, r-devel-linux-x86_64-debian-gcc, r-devel-linux-x86_64-fedora-clang, r-devel-linux-x86_64-fedora-gcc, r-devel-windows-x86_64, r-patched-linux-x86_64, r-release-linux-x86_64, r-release-macos-arm64, r-release-windows-x86_64, r-oldrel-macos-arm64, r-oldrel-macos-x86_64, r-oldrel-windows-x86_64